 = -2*w**2 - 16*w - 24. Let g be p(-9). Let u be 1/(-3) - 56/g. Determine t(u).
-4
Let m(t) be the second derivative of -t**4/12 - 2*t**3 - 17*t**2 + 1555*t. What is m(-8)?
-2
Let g(a) be the second derivative of a**5/60 + a**4/6 - 7*a**3/3 - 97*a**2/2 - 85*a. Let h(q) be the first derivative of g(q). Give h(-6).
-2
Let i(m) = -23*m**2 + 15*m + 25. Let u(z) = -6*z**2 + 3*z + 6. Let g(x) = -2*i(x) + 9*u(x). Determine g(-3).
-59
Let i be 3*11/(-3) + -10 + 15. Let s(l) be the first derivative of -l**2 + 6*l - 5. What is s(i)?
18
Let c(g) = -2*g**2 - g - 2. Let w be (2 + 2*(-3)/6)*(165 - 167). Calculate c(w).
-8
Let n(g) = -3*g**3 + 4*g**2 + g + 15. Let a(z) = -z**3 - 2*z**2 + z + 3. Let h(q) = 2*a(q) - n(q). Determine h(8).
-1
Let i be 14/((-252)/30)*(-135)/(-75). Let y(w) = 4*w**2 - 2*w + 23. Let r(b) = b**2 - b + 8. Let c(n) = 11*r(n) - 4*y(n). Calculate c(i).
-40
Suppose 0 = 2*m + 62*m - 1 + 129. Let z(h) = 0 + 0 - 3*h. What is z(m)?
6
Let q(o) = o**3 - 10*o**2 + 2. Let j = -28 - -37. Suppose 0 = j*m + 5*m - 140. Calculate q(m).
2
Let m = -21 - -30. Let r(x) = -565 + 286 - 7*x + 267 + x**2. Give r(m).
6
Let h(j) = -2*j**2 - 32*j - 36. Let w be (-4 + 2 + 0 + 1)/((-10)/(-140)). Calculate h(w).
20
Let a = 14 + -12. Suppose a*k + 3 = -11. Let o(n) = 23114*n**3 + 0*n - 23113*n**3 - 2*n + 7*n**2 + 2. Give o(k).
16
Let n(u) = 5 - 1 + 1 + 7 + u - 1. Calculate n(-4).
7
Let j(b) = -b. Suppose 121 = -5*x - 0*x - 9*p, 2*x + 3*p = -43. Determine j(x).
8
Let q(s) be the first derivative of -19 + 5/3*s**3 + 1/2*s**2 - 4*s + 1/4*s**4. Let p(v) = -v + 22. Let l be p(25). Determine q(l).
11
Let s(x) = -x**2 + 16*x + 11. Suppose 5*u - o - 69 = -4, -2*u + 26 = 3*o. Give s(u).
50
Suppose -327*d = -317*d - 30. Let k(h) = h**3 - 2*h**2 - 3*h + 1. Determine k(d).
1
Let b(j) = 6*j - 128. Let h(c) = -7*c + 142. Let r(d) = -9*b(d) - 8*h(d). Suppose -t - 10 = -l, 0 = -t - 2*l - 1. Calculate r(t).
2
Let m(v) = -7*v**3 + v. Let k be -2*1 - (-10 - -1). Let b be (2 + -4)*20/(-110)*-11. Let r be (-3)/(-4) + k/b. Determine m(r).
6
Let w(o) be the third derivative of -o**5/15 + o**3/6 - 10*o**2 + 325*o. Suppose 2*n + 2 = -2. Give w(n).
-15
Let s be 3 - 126/(-6) - 2. Let n(l) = s*l + 2 - 5*l**2 - 14*l - 11*l + l**3 + 3*l**2. Calculate n(3).
2
Let c(f) = -30*f**2 + 42*f - 6. Let x(t) = -3*t**2 - t. Let k(p) = -c(p) + 9*x(p). Calculate k(17).
6
Let w(x) = 465*x**2 + 0*x**3 - 2 - 463*x**2 + x**3 - 5*x. Suppose 9 + 0 = -3*f. Let u be w(f). Let v(r) = r**3 - 2*r**2 - 5*r - 1. What is v(u)?
11
Suppose 0 = -37*j + 6110 + 14166. Let c = 562 - j. Let z(i) = -i + 14. Calculate z(c).
0
Let n(q) = q**3 + 7*q**2 + 6*q + 2. Let s(d) = -d**3 - 2*d**2 + 2*d. Let u be s(-3). Suppose 0 = u*z - 7 - 2. Suppose z - 33 = 5*w. Calculate n(w).
2
Let k(w) = 35 + w + 16 - 37. Let n(b) = -b**3 + 11*b**2 - 8*b - 18. Let c be n(10). Suppose c*a - a - 15 = 2*s, 5 = -a. Give k(s).
4
Suppose -4*o - 84 = 4*y, -126*o + 130*o + 76 = -2*y. Let w(n) = n**3 + 16*n**2 - 15*n - 5. Determine w(o).
-39
Let i be ((-4)/6)/(5/((-765)/(-6))). Let v(p) = 16*p**2 + 15 + 2244*p + p**3 + 2231*p - 4491*p. Determine v(i).
-2
Let k = -55 - -62. Let n(d) = 5*d - 128 - d**3 + 243 + 6*d**2 - 108. Give n(k).
-7
Suppose 5*a = 2 + 3, 0 = 3*b - 5*a + 8. Let l(q) = -q**2 + 1. Let t(o) = -o**3 - o**2 + 6*o - 2. Let h(n) = b*t(n) + 5*l(n). What is h(5)?
2
Let w(s) = 94*s**2 - 2*s - 16. Let i(p) = 64*p**2 - p - 11. Let y(l) = -7*i(l) + 5*w(l). Determine y(-1).
22
Let t(d) = 1005*d + 1127*d + 438 - 2111*d. Determine t(-21).
-3
Let k(c) = -9*c - 50. Let t(x) = -3*x - 16. Let b be (26 - 5)*(8/6)/(-4). Let q(w) = b*t(w) + 2*k(w). What is q(-8)?
-12
Suppose 6*h - 9*h = 54. Let y be 60/h + -3 + (-14)/(-6). Let x(s) = s + 8. Determine x(y).
4
Let j(a) = 6*a**2 + 61*a - 54. Let c(z) = z**2 - 95*z + 2225. Let b be c(52). What is j(b)?
1
Let d(q) = q + 9. Let v = 267 + -265. Suppose 3*j - v = -29. Determine d(j).
0
Let p(g) = -g. Let y = 25 + 17. Suppose 44*a - y*a = 2. Let f(n) = 7*n**2 - 2*n. Let h be f(a). What is p(h)?
-5
Let c(o) = -2*o - 3. Let g be (-40)/15*42/8. Let q = 8 + g. Let p = -2 - q. Determine c(p).
-11
Let b(k) = 15*k**2 + 4*k + 38. Let f(l) = 40*l**2 + 10*l + 95. Let j(u) = 13*b(u) - 5*f(u). Give j(0).
19
Let i = 5983 - 5972. Let n(o) = -o**2 + 10*o + 21. Calculate n(i).
10
Let j = 51 + -39. Suppose -4*r + j = -h, -6*h = -10*h - 3*r + 28. Suppose h = -5*q + 4. Let y(a) = -a**2 - 9. Determine y(q).
-9
Suppose 20*y - 111 = 81 - 32. Let v(c) = -c**2 + c + 43. Determine v(y).
-13
Let q(k) = -89*k**2 + 9 - 206*k**3 + 108*k**3 - 2*k + 82*k**2 + 99*k**3. What is q(7)?
-5
Let i(x) = x + 15. Let v(a) = -a**3 - 32*a**2 + 10*a + 355. Let j be v(-32). Give i(j).
50
Let d be 3/(-2)*(32/24 - -10). Let f(b) = -16*b - 276. Let u be f(d). Let h(k) = -k + 7. Let j(i) = i - 1. Let g(q) = h(q) + 2*j(q). Give g(u).
1
Let l(w) be the third derivative of 19*w**4/24 + w**3/6 + 77*w**2 - 2*w. What is l(-5)?
-94
Let f = 9646 - 9649. Let t(u) = 37*u - 3. Calculate t(f).
-114
Let i(z) = z**3 + 7*z**2 + z - 5. Let l be 1/(2/(-9)*57/(-76)). Suppose 11*b = 2*t + l*b - 1, -t + 4*b + 5 = 0. Give i(t).
-12
Let z be 0 + 6 - (-9 - -10). Suppose z*s = 15, 4*y - 4*s - 12 - 4 = 0. Let c(x) = 4*x - 26. Let m be c(y). Let r(f) = -f**2 + f - 1. Determine r(m).
-3
Let k = 23553 + -23542. Let d(t) = t**2 - 7*t - 38. What is d(k)?
6
Suppose 0 = 4*n + 2*d + 10, 0 = 3*n - 2*d + 10 - 6. Let l(i) = -3*i**2 + i - 3. Calculate l(n).
-17
Let k(j) be the first derivative of -j**2 + 12*j + 2210. Determine k(5).
2
Suppose -36 = -6*v + 2*v. Let q(t) be the first derivative of -1/2*t**2 + 10*t + 3*t**3 - 1/4*t**4 + 165. Give q(v).
1
Suppose 11*w - 3685 = 1474. Let x = -465 + w. Let v(c) = c**2 - c - 5. Give v(x).
7
Let j(w) be the second derivative of -w**4/12 - 7*w**3/6 - 3*w**2 + 4*w. Let d = 63 - 61. Suppose -2*f = -4*s + 28, -3*s + d + 1 = 3*f. Give j(f).
6
Let n(s) = 5*s**2 - 2*s - 2. Let l = 197 + -251. Let j = -56 - l. Give n(j).
22
Let h(r) = -3*r**2 + 2. Suppose -k + y = -3, -2*y - 10 = 2*k - 0*y. Let q(w) = w**2 + w - 1. Let a(m) = k*h(m) - 4*q(m). What is a(-8)?
-30
Let o(i) = -3*i - 64. Let u be o(-24). Let z be (-2)/(u/6)*16/12. Let t(s) be the second derivative of -5*s**4/12 - s**3/3 + s**2/2 + 6*s. What is t(z)?
-15
Let f(k) = 2*k + 6. Let l(b) be the second derivative of -b**5/20 + b**4/2 - b**3/3 + 3*b**2 + b + 7. Let c be l(6). Calculate f(c).
-6
Let l(n) = -n**2 + 2*n + 3. Let h be (24 + -34)*38/(-10). Suppose -h*i + 10 = -40*i. What is l(i)?
-32
Let o(a) be the second derivative of -5*a**3/3 + a**2/2 - 3018*a. What is o(0)?
1
Let q(h) = -3*h + 3. Let p(x) = -11*x + 10. Let k(y) = -p(y) + 3*q(y). Let z be 48/12 + 0 + 1. Suppose -5 - 25 = -z*l. Calculate k(l).
11
Let i = 2472 - 2459. Let z(s) = s**3 - 12*s**2 - 13*s + 1. Give z(i).
1
Let x be 2 + 3 + -18 - (-27 + 21). Let s(h) = 2*h**2 + 5*h - 35. What is s(x)?
28
Let b = 3127 - 3130. Let x(o) = 2*o**2 - 8*o - 37. Give x(b).
5
Let z(y) = 10*y - 1. Suppose -4 = 2*c - 3*c. Let u be z(c). Let s be u/(-65)*(2 + -17). Let a(m) = m - 2. Calculate a(s).
7
Let r(u) = u**2 - 4*u - 3. Suppose 2*s + 3*h = -9, -7 = -4*s + 94*h - 95*h. Let p(m) = m + 0*m - 8*m + 25. Let w be p(s). Calculate r(w).
-3
Let q(v) be the third derivative of -v**5/60 - v**4/8 - v**2. Let o(r) be the third derivative of -r**4/8 + r**3/2 + r**2. Let p be o(2). What is q(p)?
0
Let z(q) be the second derivative of q**6/180 + q**5/120 - 2*q**4/3 - 6*q. Let w(y) be the third derivative of z(y). Let u = 119 - 116. What is w(u)?
13
Let l(p) = -24*p - 2*p**2 - 4 + 3*p**2 + 22*p. Let k be -3*(0 + -10)/((-204)/(-34)). Determine l(k).
11
Let k be (17/(-85))/(2/90). Let i(f) = -1. Let v(g) = -g**2 - 9*g + 6. Let w(z) = -6*i(z) - v(z). Let p be w(k). Let q(t) = -t**3 - t**2 - 16. Give q(p).
-16
Suppose -3*b + 0*b = 15. Let p(m) = -2*m + m - 492 - 507 + 3*m + 1004. Calculate p(b).
-5
Let m(i) = -1088909 + i**2 + 5*i + i + 1088886. Determine m(-8).
-7
Let u(o) = o**2 + 3*o - 2. Let r(n) be the first derivative of n**3/3 - 7*n - 104. Let p be r(-3). What is u(p)?
8
Let g be 4/(2 + 0/((-8)/(-2))). Let s(m) = -895*m**3 - 2 - 2 + 894*m**3 - 3*m + 0 + 5*m**g. Give s(5).
-19
Let m(p) = -2*p**2 + 2. Let u(o) = -7*o + 32. Let g be (-66)/4*(-2)/3. Let i be u(g). Let v = i - -4